of 362575?
5, 14503
List the prime factors of 5053778.
2, 2526889
What are the prime factors of 62068?
2, 59, 263
What are the prime factors of 5034306?
2, 3, 839051
What are the prime factors of 2075025?
3, 5, 73, 379
What are the prime factors of 141250?
2, 5, 113
List the prime factors of 909476.
2, 271, 839
What are the prime factors of 1228721?
13, 47, 2011
List the prime factors of 395227.
7, 131, 431
What are the prime factors of 4615602?
2, 3, 17, 37, 1223
What are the prime factors of 452714?
2, 226357
What are the prime factors of 1461735?
3, 5, 11, 2953
What are the prime factors of 558814?
2, 279407
List the prime factors of 47534.
2, 23767
What are the prime factors of 1674573?
3, 131, 4261
What are the prime factors of 798636?
2, 3, 66553
What are the prime factors of 19031?
19031
List the prime factors of 2923511.
19, 151, 1019
List the prime factors of 359962.
2, 179981
List the prime factors of 3793134.
2, 3, 632189
What are the prime factors of 724335?
3, 5, 43, 1123
List the prime factors of 422946.
2, 3, 23497
List the prime factors of 25535743.
41, 163, 3821
What are the prime factors of 633388?
2, 7, 22621
What are the prime factors of 128379?
3, 42793
What are the prime factors of 257076?
2, 3, 37, 193
List the prime factors of 1122468.
2, 3, 89, 1051
What are the prime factors of 54766?
2, 139, 197
What are the prime factors of 5703187?
7, 814741
What are the prime factors of 363489?
3, 7, 19, 911
What are the prime factors of 1523138?
2, 29, 26261
List the prime factors of 7893007.
7893007
What are the prime factors of 20424530?
2, 5, 7, 291779
What are the prime factors of 22349?
22349
List the prime factors of 11550644.
2, 7, 73, 5651
What are the prime factors of 329758?
2, 11, 13, 1153
What are the prime factors of 434383?
434383
What are the prime factors of 1166755?
5, 229, 1019
What are the prime factors of 108398?
2, 83, 653
What are the prime factors of 15843078?
2, 3, 53, 16607
List the prime factors of 47139.
3, 19, 827
List the prime factors of 801145.
5, 163, 983
What are the prime factors of 15691023?
3, 581149
What are the prime factors of 2173414?
2, 557, 1951
What are the prime factors of 979251?
3, 7, 13, 17, 211
List the prime factors of 401432.
2, 19, 139
What are the prime factors of 747811?
747811
What are the prime factors of 342454?
2, 7, 61, 401
List the prime factors of 11819269.
7, 11, 29, 67, 79
List the prime factors of 2919.
3, 7, 139
List the prime factors of 560351.
11, 421
List the prime factors of 138257.
7, 19751
What are the prime factors of 13071987?
3, 31, 46853
What are the prime factors of 1176031?
1176031
List the prime factors of 3948800.
2, 5, 617
List the prime factors of 6061898.
2, 3030949
List the prime factors of 10227441.
3, 7, 487021
List the prime factors of 27528.
2, 3, 31, 37
List the prime factors of 163140.
2, 3, 5, 2719
What are the prime factors of 601682?
2, 59, 5099
List the prime factors of 1377170.
2, 5, 17, 8101
List the prime factors of 17238920.
2, 5, 631, 683
What are the prime factors of 1128723?
3, 376241
What are the prime factors of 20220?
2, 3, 5, 337
What are the prime factors of 2202417?
3, 7, 43, 271
What are the prime factors of 6139?
7, 877
List the prime factors of 223055.
5, 7, 6373
List the prime factors of 22771777.
7, 3253111
What are the prime factors of 935132?
2, 11, 53, 401
What are the prime factors of 414528?
2, 3, 17, 127
List the prime factors of 1093131.
3, 13, 9343
What are the prime factors of 2481786?
2, 3, 45959
List the prime factors of 169276.
2, 101, 419
List the prime factors of 631736.
2, 7, 29, 389
List the prime factors of 238515.
3, 5, 15901
What are the prime factors of 2704862?
2, 61, 22171
What are the prime factors of 3118541?
3118541
What are the prime factors of 4123?
7, 19, 31
What are the prime factors of 419023?
11, 3463
List the prime factors of 2462106.
2, 3, 197, 2083
List the prime factors of 1296562.
2, 113, 5737
What are the prime factors of 30292243?
30292243
What are the prime factors of 142451?
167, 853
What are the prime factors of 1075476?
2, 3, 19, 53, 89
List the prime factors of 2988566.
2, 7, 17, 29, 433
List the prime factors of 12472947.
3, 51329
What are the prime factors of 23052796?
2, 13, 29, 15287
What are the prime factors of 36457453?
449, 81197
List the prime factors of 20126.
2, 29, 347
What are the prime factors of 7066881?
3, 317, 2477
What are the prime factors of 1472633?
19, 179, 433
What are the prime factors of 3876812?
2, 709, 1367
What are the prime factors of 961919?
7, 67, 293
List the prime factors of 162535.
5, 32507
What are the prime factors of 29765086?
2, 13, 251, 4561
What are the prime factors of 315599?
315599
List the prime factors of 4354695.
3, 5, 32257
What are the prime factors of 4531900?
2, 5, 45319
What are the prime factors of 1979345?
5, 79, 5011
List the prime factors of 1689600.
2, 3, 5, 11
List the prime factors of 19480067.
19480067
What are the prime factors of 112?
2, 7
List the prime factors of 960960.
2, 3, 5, 7, 11, 13
List the prime factors of 843455.
5, 17, 9923
What are the prime factors of 1006105?
5, 31, 6491
What are the prime factors of 2386877?
2386877
List the prime factors of 381672.
2, 3, 19, 31
What are the prime factors of 4135481?
7, 601, 983
What are the prime factors of 2993507?
11, 19, 14323
List the prime factors of 5891494.
2, 7, 283, 1487
List the prime factors of 3155686.
2, 1577843
What are the prime factors of 3534937?
7, 504991
What are the prime factors of 4919907?
3, 23, 113, 631
List the prime factors of 331642.
2, 79, 2099
List the prime factors of 142709.
7, 19, 29, 37
List the prime factors of 23908363.
233, 102611
List the prime factors of 256116.
2, 3, 7, 3049
List the prime factors of 1170863.
1170863
What are the prime factors of 2056176?
2, 3, 109, 131
What are the prime factors of 183780?
2, 3, 5, 1021
What are the prime factors of 481111?
37, 13003
What are the prime factors of 72037?
7, 41, 251
What are the prime factors of 11090424?
2, 3, 137, 3373
List the prime factors of 2249240.
2, 5, 7, 29, 277
What are the prime factors of 3715768?
2, 7, 9479
What are the prime factors of 45107?
43, 1049
List the prime factors of 6537297.
3, 13, 167623
List the prime factors of 6294.
2, 3, 1049
What are the prime factors of 6358152?
2, 3, 43, 61, 101
What are the prime factors of 129768?
2, 3, 5407
What are the prime factors of 4943827?
7, 23, 30707
What are the prime factors of 456961?
43, 10627
List the prime factors of 3124118.
2, 31, 41, 1229
List the prime factors of 1920623.
229, 8387
List the prime factors of 3801620.
2, 5, 131, 1451
What are the prime factors of 2271621?
3, 11, 19, 3623
List the prime factors of 111527.
13, 23, 373
List the prime factors of 149533.
149533
List the prime factors of 597698.
2, 37, 41, 197
What are the prime factors of 4294304?
2, 7, 19, 1009
List the prime factors of 3859437.
3, 73, 17623
What are the prime factors of 10155107?
10155107
What are the prime factors of 679501?
679501
List the prime factors of 345870.
2, 3, 5, 7, 61
What are the prime factors of 1605329?
11, 19, 7681
What are the prime factors of 810455?
5, 162091
List the prime factors of 6148560.
2, 3, 5, 11, 17, 137
List the prime factors of 3105991.
7, 577, 769
What are the prime factors of 724725?
3, 5, 3221
List the prime factors of 151171.
151171
What are the prime factors of 8189602?
2, 89, 139, 331
List the prime factors of 335732.
2, 83933
List the prime factors of 127612.
2, 61, 523
List the prime factors of 3695514.
2, 3, 615919
List the prime factors of 4956125.
5, 31, 1279
List the prime factors of 1101874.
2, 550937
List the prime factors of 28871.
28871
List the prime factors of 251866.
2, 125933
List the prime factors of 143666.
2, 29, 2477
List the prime factors of 2893919.
7, 413417
List the prime factors of 3640076.
2, 11, 82729
List the prime factors of 7941.
3, 2647
What are the prime factors of 15263?
15263
What are the prime factors of 2211002?
2, 1105501
List the prime factors of 218924.
2, 229, 239
List the prime factors of 3640698.
2, 3, 223, 907
What are the prime factors of 963879?
3, 7, 79, 83
What are the prime factors of 16148367?
3, 367, 4889
List the prime factors of 2800636.
2, 